(7). Let i be 2 + 4/r + 30. What is the highest common factor of i and 240?
30
Suppose 2*l - 173 = -s + 63, 3*l + 4*s = 349. Calculate the highest common divisor of l and 17.
17
Suppose -x - 4*w + 19 = 0, 0 = 2*x - 4*w - w + 1. Let p be (2/(-12) - 172/(-24))*7. Calculate the greatest common divisor of x and p.
7
Let u(z) = 4*z**2 - 13*z - 1. Let d be u(4). Calculate the greatest common factor of 44 and d.
11
Suppose -4*k - 2*w - 4 = 38, -3*k - 19 = -w. Let l = -5 - k. Suppose l*m + m = 100. Calculate the highest common divisor of 5 and m.
5
Let i(j) = -j**2 + j + 16. Let y be i(0). Let s be (-82)/(-6) + y/(-24). What is the highest common factor of s and 117?
13
Let o be 16*(-1)/(6/(-9)). Suppose -m + 4*m - o = 0. Let v be (2 - 2) + m - -1. What is the greatest common divisor of 72 and v?
9
Let c(q) = -q**3 + 2*q + 1. Let y be c(-2). Suppose 28 = -x + y*x. Calculate the highest common factor of x and 7.
7
Suppose 0 = m - 5*o - 96, 0*m = 5*m - o - 480. Calculate the greatest common factor of m and 48.
48
Let j(g) = -13*g**3 - g**2 + g - 1. Suppose -5*u + 1 = -4. Let f be j(u). Let q be 8/(-28) + (-690)/f. What is the greatest common factor of 7 and q?
7
Let b(q) = -1. Let u(m) = 0 - 1 - 2 + 3*m + 0*m. Let h(j) = b(j) + u(j). Let y be h(4). What is the highest common divisor of y and 8?
8
Let w = 229 - 227. Calculate the greatest common divisor of w and 3.
1
Let v = 175 - 70. What is the highest common divisor of v and 15?
15
Suppose 3*n - 31 = -7. Let u(h) = h**2 - 7*h - 34. Let g be u(14). Calculate the greatest common factor of g and n.
8
Let b = 316 - 154. Calculate the highest common factor of b and 18.
18
Let l(f) = f**2 - 5*f - 2. Let k be l(6). Calculate the highest common factor of 20 and k.
4
Suppose -11*k + 656 + 972 = 0. What is the greatest common divisor of 37 and k?
37
Let p = 18 + -12. Let t = 19 - p. Let o = 30 - 17. What is the greatest common factor of t and o?
13
Let g be (-4)/(6/(-3)) + 3. Suppose -9 + 169 = g*v. What is the greatest common divisor of v and 80?
16
Suppose -5*h + l = -542, 2*l - 7*l - 334 = -3*h. Let c = 23 + -11. Calculate the greatest common factor of c and h.
12
Suppose -33 = -6*i + 45. Let u(b) = -b + 7. Let v be u(-6). Calculate the greatest common factor of i and v.
13
Let o(g) = -10*g - 55. Let t be o(-7). What is the greatest common divisor of 30 and t?
15
Let q(s) = -2*s - 2. Let y be (-2 - (-2 - 0))/2. Suppose y - 3 = c. Let d be q(c). Calculate the greatest common divisor of 16 and d.
4
Let p(n) = -3*n - 6. Let s be p(-4). Calculate the greatest common factor of s and 30.
6
Suppose -c - 16 = -0*c. Let s = 41 + c. Suppose -3*f + 6*t + s = t, 0 = -2*t - 4. What is the highest common factor of f and 20?
5
Suppose -5*f + 2*u = -19, -5 = -2*u + 1. What is the highest common divisor of 40 and f?
5
Let s(o) = -o**3 - 3*o**2 + 5. Let f be s(-4). What is the greatest common factor of f and 189?
21
Suppose -254 = -7*s + 334. Calculate the highest common divisor of s and 56.
28
Let z(s) = -2*s - 10. Let h be z(-7). Suppose -j - 1 - h = 0, 0 = -5*b - 4*j + 20. Calculate the highest common divisor of 40 and b.
8
Let y = 8 + -4. Suppose -y*s = -k, -12 + 1 = 4*k - 5*s. Let j = k + 8. Calculate the greatest common factor of 4 and j.
4
Suppose -5*l - 4520 = -5*n + 2*n, -2*n - 3616 = 4*l. Let q be (-4)/(-10) - l/40. Calculate the highest common divisor of 23 and q.
23
Suppose 4*k + 0*k - 352 = 0. Suppose 11*p - 165 = -4*p. What is the highest common factor of k and p?
11
Let w(u) = 15*u**2 + 1. Let t be w(1). What is the greatest common divisor of t and 2?
2
Suppose -4*f - f - 22 = j, -3*j = f - 4. Suppose 3*u = -j*c + 15, 4*c + 0*u - u = 35. What is the highest common divisor of c and 56?
8
Suppose -4*n + 8*n - 144 = 0. What is the greatest common divisor of 24 and n?
12
Let t(f) = f**2 - f - 3. Let m = -2 + 6. Let n = m - 7. Let l be t(n). Calculate the highest common divisor of l and 45.
9
Let n = -8 - -3. Let h be n/((-5)/44) + 0. Suppose -b - 4*x + 30 = 0, b = -b - 4*x + h. What is the highest common divisor of 98 and b?
14
Suppose -3*g = -97 + 25. Let w = -12 + g. Calculate the highest common factor of w and 8.
4
Suppose -2*j + 93 = 5*v - 21, 5*v + 3*j = 111. Suppose 16 = 2*w + 2*c - 0*c, -w = -4*c + 2. Calculate the highest common divisor of w and v.
6
Suppose 2*g + 0*g - 6 = 0. Suppose 4*n = -1 + 13. Suppose -4*w + l + 180 = 0, -138 = -g*w + 2*l - n. Calculate the greatest common factor of 9 and w.
9
Let f = 79 + -38. Calculate the greatest common factor of 328 and f.
41
Suppose 1 + 19 = 5*q. Suppose 0*i - 60 = -4*i - 2*f, -3*i = -q*f - 45. Calculate the greatest common divisor of i and 6.
3
Let k = 10 - 7. Let d be 7/((k - 2)/2). Calculate the highest common factor of 56 and d.
14
Let q(h) = 5*h. Let y be q(4). Let r = -8 + 13. Calculate the highest common factor of r and y.
5
Suppose s + 4*a = -4*s - 12, 4*s - 12 = 4*a. Suppose -36 = -w - s*w. Let z = 42 - 33. What is the highest common factor of w and z?
9
Let s(z) = z + 8. Let y be s(10). What is the highest common factor of y and 162?
18
Let r be 294*(-6)/(-81) + (-8)/(-36). What is the greatest common divisor of r and 2?
2
Let w(h) = h + 7. Let p be w(-5). Suppose -p*r = 0, 6*y = 3*y - 5*r + 18. Let j be (y/(-15))/(3/(-60)). Calculate the highest common divisor of 72 and j.
8
Let f(u) be the second derivative of u**4/12 + u**3/6 - u**2/2 - 4*u. Let m be f(1). What is the greatest common factor of m and 7?
1
Let d(s) = -s - 4. Let p be d(11). Let a = -9 - p. Calculate the greatest common factor of a and 66.
6
Suppose -27 + 183 = 2*y. Let k = y - -18. What is the highest common factor of k and 12?
12
Let p(z) = z - 2. Let m be p(0). Let j(r) = 61 - 7*r**3 + 2*r - 62 - 3*r**2 + 4*r**2. Let c be j(m). What is the highest common divisor of c and 5?
5
Suppose v = 3*s - 17, 0 = s + 3*v - 6*v + 5. Calculate the highest common divisor of s and 49.
7
Let b = 92 - 39. Suppose -2*q + a = -4*q + b, 20 = 4*a. Let g be 45*(12/15 - 0). Calculate the greatest common divisor of q and g.
12
Suppose -4*w + 0*w = -320. Suppose -4*f = -5*p + 96, 0 = 5*f - 4*f + 4. Calculate the greatest common factor of p and w.
16
Suppose -22 = -4*c + 46. Suppose c*k = 12*k + 115. Calculate the greatest common factor of 253 and k.
23
Suppose 5*c = -3*i + 33, -9 = -4*i - 5*c + 40. Calculate the greatest common divisor of i and 176.
16
Suppose -4 - 143 = -3*j. Calculate the greatest common divisor of 539 and j.
49
Suppose 6 = 4*b - 14. Suppose -n - w + 2 = -3, b*n = w + 55. Let u be ((-28)/6)/(-1 + 56/60). What is the highest common factor of n and u?
10
Suppose -4*d + 14 = 2. Suppose -2*g + 5 = d*g. What is the greatest common divisor of g and 3?
1
Let f(b) = b**3 - 6*b**2 - 8*b + 8. Let x be f(7). Let o(i) = -i + 2. Let j be o(-6). Calculate the greatest common factor of x and j.
1
Suppose 3 + 1 = 2*f. Suppose -d - f*r = 5, d - 7*r - 19 = -3*r. Calculate the greatest common factor of d and 33.
3
Suppose -16 = 4*t - 6*t. Let r(p) = p + 10. Let f be r(t). Calculate the highest common divisor of f and 126.
18
Let z be (8/3 + -2)*3. Let j be (z - 1*4) + 38. Let n(i) = 6*i. Let s be n(9). What is the greatest common divisor of s and j?
18
Let f = 12 + -7. Let h = 2 - 3. Let g = f - h. What is the greatest common divisor of g and 54?
6
Let u be 0 + 33 + (1 - -1). What is the greatest common divisor of u and 28?
7
Let j be 180/22 + 10/(-55). Let s = -5 + j. Let h be s/6*14*4. What is the highest common factor of 70 and h?
14
Suppose 31 = -5*t + 311. Calculate the highest common divisor of t and 8.
8
Let v be (6/(-9))/((-3)/27). Calculate the greatest common factor of 42 and v.
6
Let d(n) = -2*n - 3. Let y be d(-4). Let o = 4 + y. Calculate the highest common factor of 45 and o.
9
Suppose 11 + 13 = 3*z. Let a be (50/z)/(2/(-8)). Let w = 61 + a. Calculate the highest common divisor of w and 54.
18
Suppose 4*h - 753 = -173. What is the highest common divisor of 29 and h?
29
Let b = 23 + -14. Suppose -b*u = -6*u - 30. Calculate the highest common divisor of 20 and u.
10
Let f = 5 + -3. Let x(h) = h**2 + 4*h - 2. Let r be x(-5). Suppose -23 = -n + r*l, 3*l + 56 = 2*n + f*n. Calculate the greatest common divisor of 88 and n.
11
Suppose 4*d + 8 = -2*u, -5*u - 6 = -2*u + 4*d. Suppose 18 + 34 = u*g. 